2 + 2*g**3/3 - 7*g. What is the tens digit of i(3)?
2
Let x(k) = -k**3 + 3*k**2 + 8*k + 8. Let h be x(5). What is the tens digit of 2/(h/3)*465/(-31)?
4
What is the tens digit of ((-59 + 7)/2)/((-3)/417)?
1
Let y(d) = 42*d - 209. What is the tens digit of y(9)?
6
Let s(j) = -530*j**3 - 4*j**2 - 7*j - 5. What is the tens digit of s(-2)?
3
Suppose 5*g + 4*h + h = -15, 5*g + 2*h = -6. Let x = -1 - g. What is the units digit of -2 + x/(-1)*3?
1
Let a(c) = 11*c**2 - 6*c + 19. What is the hundreds digit of a(5)?
2
Let n(f) = -f**3 - 8*f**2 - 7*f - 1. Let k be n(-7). Let u be (-12)/(-18)*(k - 14). What is the units digit of 20/(-4)*52/u?
6
Let v be 2/4*(-1 - -1). Suppose v = -u - 3*u + 188. What is the units digit of u?
7
Let u = 2341 - 1589. What is the units digit of u?
2
Let c(s) = 5*s - 5. What is the tens digit of c(20)?
9
Suppose 79*v - 223438 = 30547. What is the units digit of v?
5
Let k(h) = h**2 - 3*h - 7. Let o be k(5). Suppose 0 = 4*b + 16, -o*l - 2*l = -b + 1. Let w(p) = -3*p**3 - p - 1. What is the units digit of w(l)?
3
What is the tens digit of 3*2/(-42) - (-26046)/42?
2
Let p = -124 - -385. What is the units digit of p?
1
Suppose 425 = r + 4*r. Let l = -43 + r. What is the tens digit of l?
4
What is the hundreds digit of (71 - 4)*(-24)/(-1)?
6
Let t = 11 - -8. Suppose 5*z - 3*k - 9 = t, -z + 1 = 4*k. What is the units digit of z?
5
What is the units digit of 571*1/((-10)/(-20))?
2
Let n be ((-5)/(-2))/(3/6). Let g be (-14)/(-5)*(-15)/(-3). Suppose 16 + g = n*c. What is the units digit of c?
6
Suppose 4*d + z - 8847 = 2*d, -2*z = -5*d + 22095. What is the thousands digit of d?
4
Let v = 241 - 171. Let s = 131 - v. What is the units digit of s?
1
Let h(k) = 5*k**2 - 12*k + 12. What is the hundreds digit of h(21)?
9
Let q = -32 - -28. Let w be (154/88)/((-1)/q). Suppose 2 = v - w. What is the units digit of v?
9
Let v(o) be the second derivative of -7*o**3/2 - 29*o**2/2 - 4*o. What is the hundreds digit of v(-7)?
1
Suppose 114*f = 103*f + 10483. What is the units digit of f?
3
Let n(d) = 37*d - 16. Let x(l) = -36*l + 18. Let u(h) = -3*n(h) - 2*x(h). What is the tens digit of u(-2)?
9
Suppose 66 = -8*j + 178. Suppose j = p - 156. What is the hundreds digit of p?
1
Let l(c) = -c**2 - 21*c + 46. Let g be l(-23). Suppose m - 24 + 3 = g. What is the tens digit of m?
2
Let n = 190 + -118. What is the tens digit of n?
7
Let b be (3/6)/((-4)/(-40)). Suppose -d + 32 = 4*j - 97, 0 = -b*j. What is the hundreds digit of d?
1
Let y(r) = -2*r**2 + 4*r - 2. Let v be y(2). Let z(a) = -a**2 - a + 2. Let x(o) = 7*o**2 + 7*o - 9. Let h(m) = x(m) + 5*z(m). What is the units digit of h(v)?
5
Suppose 0 = 13*w - 34*w + 6846. What is the tens digit of w?
2
Let q = -5 - -7. Let w = 234 - 261. What is the tens digit of q/(6/w)*-5?
4
Suppose -295 = 5*f - 5*i, i + i = 8. Let s = 59 + f. What is the units digit of s?
4
Suppose 3*z + 27 = -3*w, -z - 2*z + 5*w = 51. Let n be ((-8)/z)/((-2)/(-15)). Suppose 0 = n*h - 61 + 1. What is the tens digit of h?
1
Let g be ((-4)/(-6))/(3/(-135)). Let t be (-54)/g - 2/(-10). What is the units digit of 8 - (t + (3 - 4))?
7
Let v(f) = 4*f**2 + 2 - 23*f**3 - f - f + 24*f**3. Let p be v(-5). Let w = 43 + p. What is the units digit of w?
0
Suppose 0 = -7*u + 2560 + 443. What is the tens digit of u?
2
Let v(i) = 2*i - 7. Let r be v(5). Suppose -r*c = -7*c + 220. What is the tens digit of c?
5
Let h = 0 + 23. Let c = -44 + h. What is the units digit of (-3)/(-12) + c/(-12)?
2
Suppose 40*h - 16907 = 13213. What is the hundreds digit of h?
7
Suppose 9 = -f + 4*z, 3*z + 0*z = 0. Let p(d) = -d**3 - 9*d**2 - 3*d + 9. What is the units digit of p(f)?
6
Let q(u) = 11*u**2 - 26*u - 257. What is the units digit of q(-9)?
8
Suppose -18201 - 25867 = -23*l. What is the tens digit of l?
1
Let d(m) = -5*m + 202. What is the units digit of d(-33)?
7
Let m = -3425 - -5960. What is the units digit of m?
5
Let o = -22 + 37. Suppose -3*s + 12 = -0*c - c, 2*c + 3*s + o = 0. What is the units digit of 3/c*3 - -3?
2
Let w(r) = 7*r**2 - 133*r + 97. What is the thousands digit of w(31)?
2
Suppose -21*q + 46 = -59. Let j(l) = 7*l**2 - 3*l + 8. What is the tens digit of j(q)?
6
Let x = 1062 + -777. What is the hundreds digit of x?
2
What is the hundreds digit of 5226/(-52)*(-16)/6?
2
What is the hundreds digit of (-2 - -4) + (301 - 12)?
2
Let g be (3 + 21)*(-3)/6. What is the units digit of 9*((-68)/g + 1)?
0
Let x = -35 + 38. Suppose 204 = x*q + 3*r, -5*q - 2*r + 336 = 11. What is the tens digit of q?
6
Let w(h) = -63*h**3 + h**2. Let z be (4/(-12))/(2/(-6)). Let j be w(z). Let f = -39 - j. What is the units digit of f?
3
Suppose 312*m - 322*m + 7460 = 0. What is the units digit of m?
6
Let b(s) = s**3 - 7*s**2 - 21*s - 7. Suppose 2*a = 2*h - 1 - 19, 0 = 2*a. What is the tens digit of b(h)?
8
Suppose 99 = 3*f + 5*o, -15 = 2*f + o - 81. What is the units digit of f?
3
Let n(i) be the second derivative of 4*i**3/3 - 4*i**2 + 15*i. What is the units digit of n(7)?
8
Let s(b) = 18*b**2 + 25*b + 15. What is the hundreds digit of s(-6)?
5
Let v be ((-1086)/(-8) - -3) + 3/(-4). Let b = -47 + v. What is the tens digit of b?
9
Suppose 1412 = -23*n + 27*n. What is the hundreds digit of n?
3
Let j = -39 - -45. Suppose 0 = -11*l + j*l + 350. What is the tens digit of l?
7
Let k be 0 + -4 - (7 - 3). Let n be ((-4)/k)/((-3)/12). Let d(y) = -20*y - 3. What is the units digit of d(n)?
7
Let f(j) = -j**2 + 2*j + 6. Let q(w) = -w. Let v(d) = f(d) + 3*q(d). Let b be v(0). Suppose 96 = b*u + 18. What is the units digit of u?
3
Suppose -2 = d + l, 3*l - 32 = 4*d + l. What is the hundreds digit of (-40)/d*(-696)/(-20)?
2
What is the hundreds digit of (5236 - 0)/11 + 1*-1?
4
Suppose 0*i - 3*l - 261 = 3*i, 0 = 5*i + l + 423. What is the tens digit of (-24)/9*(i/16 - 0)?
1
Let d = 2885 + 631. What is the hundreds digit of d?
5
Let f = -5732 - 358. What is the hundreds digit of 2/(-3)*f/28?
1
Suppose 6*o = 4*o. Let x(a) = -a**3 + 39. What is the tens digit of x(o)?
3
Suppose -2*j = -0*j + 4. Let d be 10/(j/(1 + 1)). What is the tens digit of ((-108)/d)/((-6)/(-20))?
3
Let k = 26 - 24. Suppose -5*r + 4*r = k, 2*c - r - 64 = 0. Suppose -6*w - c = -367. What is the units digit of w?
6
Let z(o) = -o + 1. Let b be z(-4). Suppose -b*n - 45 = 2*c, 3*n + 2*c = 4*c - 11. Let s(h) = -3*h + 2. What is the tens digit of s(n)?
2
Let x be (-1 - 47)/3*5. Let b be (x/(-6))/(6/(-18)). Let c = b - -57. What is the units digit of c?
7
Let v = 214 + -214. Let x(l) be the first derivative of -l**4/4 + l**2/2 + 5*l + 1. What is the units digit of x(v)?
5
Let p = 13 - 3. Suppose -3*h = q + 2, 5*q + p = 3*h - 2*h. What is the tens digit of q/(-3)*(9 - -24)?
2
Suppose a = 5*a - 5*i - 1296, 0 = 4*a - 4*i - 1292. What is the tens digit of a?
1
What is the hundreds digit of (-186945)/(-120) + (-3)/(-24)?
5
Let d(i) = 6*i**3 - 2*i**2 + 1. Let v be d(-2). Let p be (v/10)/((-1)/(-2)). Let n(g) = -g + 12. What is the tens digit of n(p)?
2
What is the hundreds digit of ((-494)/95)/(-2 + 736/370)?
4
Suppose -4*a + 4*u = 32, a = -a + 4*u - 26. Let t(g) be the second derivative of g**4/6 + g**3/6 - g**2/2 + 3*g. What is the tens digit of t(a)?
1
Suppose -6*c - 2358 = -12*c. What is the tens digit of c?
9
Let f(v) = 3*v**2 + v - 39. What is the units digit of f(-10)?
1
Let x(s) = -6*s**3 - 6*s**2 - 6*s - 8 + 3*s**3 + 2*s**3. Let t be x(-5). What is the tens digit of (6 - t)/(-3) - -47?
4
Let v(b) = 7*b + 3. Let h be v(18). Let i = 181 - h. What is the tens digit of i?
5
Let w(o) be the first derivative of 47*o**3/3 + 4. Let a be w(1). Suppose 4*p - 152 = 5*s, -2*p + 4*s = -35 - a. What is the units digit of p?
3
Let j(x) = 2*x - 1. Let h(a) = 5*a**2 - 3 - 41*a + 41*a. Let w be h(-2). What is the tens digit of j(w)?
3
Suppose 2*s - 132 = m, -5*s - 2*m + 356 = 2*m. Let l = s + -42. What is the tens digit of l?
2
Let c be 6*(4 - (-52)/(-6)). Let x = 77 + c. What is the tens digit of x?
4
Suppose 7*o + 15 = 2*o - 5*v, 2*o - 3*v = -11. What is the tens digit of o/((-1)/((-124)/(-8)))?
6
Let c be 2*4/(-24)*-3. Let f(u) = -1 + 7*u**3 + 23*u**3 + 17*u**3 + 12*u**3. What is the units digit of f(c)?
8
Let m(i) = 26*i - 9. Let s(a) = -52*a + 17. Let c(j) = 5*m(j) + 3*s(j). What is the units digit of c(-2)?
8
Let i(f) = -f**3 - 